*n + 11. What is the tens digit of a(-8)?
7
Suppose -33*g + 2*g + 155 = 0. Let f(l) = -10*l + 10. Let h(x) = -5*x + 5. Let u(o) = -3*f(o) + 5*h(o). What is the units digit of u(g)?
0
Let o be (7 + -4 - 0)/((-1)/(-251)). Suppose 5*h + 4*y = o, -h - y + 303 = h. What is the hundreds digit of h?
1
Suppose 0 = -4*l - m - 3*m + 1224, -2*l = -3*m - 602. What is the tens digit of l?
0
Let r be (-2)/(-14) - (-440)/7. What is the units digit of r - (-3)/(-9)*9?
0
Suppose -8*c - 478 = -8006. What is the tens digit of c?
4
Suppose 2*p - 3*q - 1 = 0, 12 = 2*q + 2*q. Suppose -p*u = -u - 12. Suppose -u*t - 21 = 2*x - 64, 0 = t + 5*x - 23. What is the units digit of t?
3
Let x = -297 - -314. What is the tens digit of x?
1
Let b = 2599 - 1317. What is the thousands digit of b?
1
Let t = -6 - 1. Let y = t + 12. Suppose 0*v - y*p + 27 = 2*v, -5*v = -p. What is the units digit of v?
1
Let q be (-24)/4*1*(-3 + 4). What is the hundreds digit of (1 + -4)*206/q?
1
Let l = -27 - 18. Let c = 63 + l. Let i = 36 - c. What is the units digit of i?
8
Let y = -791 - -2032. What is the units digit of y?
1
Let i be 1*-3 - ((-25)/5 + -8). Suppose i*l = 315 + 2235. What is the tens digit of l?
5
Let q be (85/(-4))/((-2)/32). Suppose 4*t + 424 - 39 = 5*b, 0 = 5*b + 5*t - q. Let v = -6 + b. What is the units digit of v?
7
What is the tens digit of -4 - (-3414)/(7 + -1)?
6
Let b = 14 + 22. Suppose -b = -3*c - 48. Let q(m) = -m**3 - m**2 - 2*m - 6. What is the tens digit of q(c)?
5
Suppose -17*a + 130200 = 43*a. What is the tens digit of a?
7
Suppose o = -5*h + 2773, 12*o - h + 8291 = 15*o. What is the thousands digit of o?
2
Let u(m) = 2*m**3 - 3*m**2 + 3*m - 3. Let p be u(2). Let y = -3 + p. Suppose 19 = -3*j + y*j. What is the units digit of j?
9
Let p(v) = -5*v + 0*v + 0*v. Let m be p(-1). Suppose 90 = m*u - 0*u. What is the units digit of u?
8
Let o = -41 + 46. Suppose -2*p = 3*p + o*l - 355, -2*p + l + 148 = 0. What is the tens digit of p?
7
What is the tens digit of 411 + 0 + (-12 - (-28 + 15))?
1
Suppose 6 = 33*r - 39*r. Let l(n) = -136*n - 4. What is the hundreds digit of l(r)?
1
Suppose -m + 726 = -2*r, -2*r - 2*r + 2128 = 3*m. Suppose 4*t = -4*k + m, 5*k - 5*t - 718 - 127 = 0. What is the tens digit of k?
7
Let s(p) = p**3 - 8*p**2 + 3*p + 16. Let m be 3 + 1 + 2 + 1. Let c be s(m). What is the tens digit of (-423)/c + 1/(-4)?
3
Suppose -4*z + 2*t = -7*z + 46, 18 = z - 2*t. Suppose z*b - 18*b = -336. What is the units digit of b?
8
Let h be (-3)/4*(-5 + 17). Let u = 10 + h. Suppose -y - u + 21 = 0. What is the units digit of y?
0
Suppose 0 = 4*v + 8, 0 = -n + 5*n + 3*v + 30. What is the units digit of (-34 - n)/((-4)/2)?
4
Let j be (-3)/(178/60 - 3). Suppose -270 = 3*t + 5*p, -j = t - 2*p - p. What is the tens digit of t/12*(2 - 4)?
1
What is the hundreds digit of 1 + (10/55 - 5333/(-11))?
4
Let c(w) = -5*w - 5. Let q = -25 + 12. Let o = -17 - q. What is the tens digit of c(o)?
1
Let f be 0 + (-4 - -11 - 3). Suppose -j = f*j + m - 21, -5 = -5*m. Suppose -4*r + 204 = -4*q - 68, 4*r + j*q = 248. What is the units digit of r?
5
Suppose 1802 = 16*q + 170. What is the units digit of q?
2
Suppose 2*o + 8 = 18. Let m(y) = y**3 - 4*y**2 + 5*y - 6. Let r be m(o). Suppose x - 57 - 6 = -4*i, r = 2*i - 2*x. What is the tens digit of i?
1
Suppose 0 = -25*y + 2682 + 8718. What is the hundreds digit of y?
4
Suppose 0 = 3*s + 3*p + 12, 1 + 14 = -3*s - 4*p. What is the units digit of -2 - (6*-1 + s)?
5
Let g = 265 + -697. What is the tens digit of g/(-32) - 1/2?
1
Let y(r) = 3*r**2 - 28*r + 8. What is the units digit of y(11)?
3
Suppose -2*q - 5 = -z + 2*q, -5*z + q - 32 = 0. Let f(b) = -b**3 - 8*b**2 - 7*b + 4. Let m be f(z). Suppose k - 130 = -m*k. What is the units digit of k?
6
Suppose 0 = 4*s - 27 + 11. Suppose -58 = -2*b + 5*f, 2*b - s*f = -1 + 59. Let n = b + -3. What is the units digit of n?
6
Let b be (42/18)/((-2)/(-6)). Suppose b*k + 15 = 12*k. Suppose -k*v + 13 = 4. What is the units digit of v?
3
Let q = -218 - -241. What is the units digit of q?
3
Let f = 1 + -1. Suppose f = 7*t - 3*t - 660. Suppose 4*v = 2*w - 110, 3*w + 0*w + v - t = 0. What is the tens digit of w?
5
Let d(x) be the third derivative of -x**6/20 + x**5/60 + x**3/6 - 2*x**2. Let f be d(2). Let n = f - -83. What is the units digit of n?
0
Let d(c) be the third derivative of -c**6/40 + c**5/15 + c**4/12 - 6*c**2. What is the units digit of d(-3)?
1
Let v(w) = w + 4. Let z be v(3). Let i be 0 - (-4)/14 - (-260)/70. Suppose -z + 15 = i*u. What is the units digit of u?
2
Let u(l) = 7*l + 1. Let h be u(-2). Let c = -10 - h. Suppose -80 = -c*t - 2*t. What is the tens digit of t?
1
Let v = 35 - 13. Let k = 25 + v. What is the units digit of k?
7
Let o be (-4 + 1)/(-3) + -1. Suppose o = -c - 7*c + 40. Suppose -2*d = 2*d - 4, -3*p + 68 = c*d. What is the tens digit of p?
2
Suppose -4584 = -434*a + 428*a. What is the hundreds digit of a?
7
Suppose -18224 = 31*w - 76907. What is the units digit of w?
3
Let p = 414 - 254. What is the hundreds digit of p?
1
Let w be (-10)/(-35) + (-284)/14. Let a be (-1)/(-3) + w/15. What is the units digit of (5 + -3)/(0 - a)?
2
Let u(o) = -o**3 + 46*o**2 + 48*o + 274. What is the thousands digit of u(45)?
4
What is the thousands digit of 2553 - (2/4 + (-441)/(-98))?
2
Let c be (-21)/(-3) + -3 - 5. Let i be (0 - -1)/(c/6). What is the units digit of i/39 + (-301)/(-13)?
3
What is the hundreds digit of 104 + ((-18)/12)/(12/(-16))?
1
Let j(k) = 2*k. Let l be j(1). Let t(w) = w - 4. Let q be t(7). Suppose -3*m + q*x + 26 = -l*x, -4*x + 17 = 3*m. What is the units digit of m?
7
Let i = -6 - -10. Let r(x) = -4*x**3 + 7*x**2 - 6*x + 6. Let p be r(i). What is the units digit of (-45)/6*p/45?
7
What is the tens digit of (-1)/(-10) - (-230180)/200 - -1?
5
Suppose -2321 = -4*x + 5*t - 50, 4*t = -4*x + 2280. What is the hundreds digit of x?
5
Let t = 2686 + -1111. What is the tens digit of t?
7
Let w be (-3 - 3)/(1 + 1 + -4). Suppose -w*j - 2*j - v = -262, -2*v + 47 = j. What is the units digit of j?
3
Suppose 2*j + 5*q = -j + 96, -3*j + q = -78. Let t = j + 22. What is the tens digit of t?
4
Let f(s) = -9*s + 485. What is the tens digit of f(-53)?
6
Let m be 0 + (-35 - (3 + -7)). Let b = 25 + m. What is the tens digit of b/2 + 45 + -1?
4
Let t(x) = x**3 + 18*x**2 + 11*x. What is the units digit of t(6)?
0
Let x be -26 + 28 + (1/1 - 0). Suppose -k - x*r + 190 = -7*r, -15 = -5*r. What is the units digit of k?
2
Let n = -50 + 97. Suppose -51 = -2*u + n. What is the tens digit of u?
4
Let r = 3 - 3. Suppose m - 71 = -4*p, r = -m - 0*p - p + 65. What is the units digit of m?
3
Let s(v) = 3*v - 10. Let g be s(4). Let c(h) = g*h + 32 - 31 - h. What is the tens digit of c(9)?
1
Let k(n) = -28*n - 31. Let j be k(-7). Suppose 422 = 5*g + 2*p, 2*g - p = 2*p + j. What is the tens digit of g?
8
Suppose 0 = -b - 5*b + 96. Let x(d) = 6*d - 6. What is the tens digit of x(b)?
9
Let y(d) = 5*d**2 + 3*d + 1. Let r be y(-5). Suppose 0 = -u + 268 - 107. Let i = u - r. What is the tens digit of i?
5
Suppose p = -7*p - 632. Let d = -24 - p. What is the tens digit of d?
5
Let g(p) = -p**3 + 11*p**2 - 7*p - 24. Let a be g(10). Let o be 18/3*(-6)/a. What is the units digit of (-4)/o - 75/(-9)?
9
Suppose 5 = -2*y - 3. Let r be 32/6*(y + 1). Let o = 19 + r. What is the units digit of o?
3
Let j = -484 + 480. Suppose 0 = -2*u - 11 + 3. What is the tens digit of 30*(j - 22/u)?
4
Let x(p) = -p - 7. Let m be x(5). Let g = 17 + m. Suppose -g*v + 36 = -2*v. What is the units digit of v?
2
What is the thousands digit of (24/36)/(2/(-3))*-1037?
1
Let h = -19 - -12. Let y(i) = -i**3 - 8*i**2 - 5*i + 5. Let k be y(h). Let m = k - -17. What is the units digit of m?
8
Let y(d) = -d**2 - 6*d + 4. Let a be y(-6). Suppose 25*k + 26 = 27*k. Suppose h + 74 = a*x, -3*h + k = x - 12. What is the tens digit of x?
1
Let p(w) = 4*w + 3. Let b(r) = -r**2 + 9*r + 27. Let g be b(10). What is the tens digit of p(g)?
7
Let c = 42 + 12. Suppose -4*v + 8 = 2*b - c, -2*b + 4*v + 30 = 0. What is the units digit of b?
3
Suppose 5*j - 127 = 4*b, 0 = -2*b - 2*j - 49 - 1. Let k = b - -163. What is the tens digit of k?
3
Let j(s) = -24*s + 133. What is the units digit of j(-32)?
1
Let v = 13 - 7. Let i be ((v - 3) + -3)/2. Suppose -2*o + 33 = -m, o = 3*m